 Suppose 0 = x + 2*t + 2, -2*x + t = 19 + 5. What are the prime factors of r(x)?
107
Let o be (35 + -34)/(2/10). Suppose 2*h + 894 = o*y, -4*h + 2*h = 4. List the prime factors of y.
2, 89
Suppose 38 = 3*a + 4*t, a - 2 = 7*t - 11*t. Suppose -a*f + 13015 = f. List the prime factors of f.
5, 137
Let n(g) = 2*g**2 - 19*g - 30. Let w be n(11). Suppose -5*b = -3*t - 3754, 2*t = -w*b - 2*t + 2235. What are the prime factors of b?
7, 107
Let o = 4995 + 20199. List the prime factors of o.
2, 3, 13, 17, 19
List the prime factors of (-49 - -37) + 1206 + 0.
2, 3, 199
Let s(m) = -5*m**2 + 224*m - 117. List the prime factors of s(37).
2, 3, 13, 17
Suppose -26 = 3*b - 4*s, b - 3*s + 0*s = -12. Let r(c) = 10*c**2 - 19*c - 22. List the prime factors of r(b).
2, 113
Let d = 183 - 185. What are the prime factors of (-12 - -7)/(d/122)?
5, 61
Suppose -27 = -t + 790. Let x = -300 + t. List the prime factors of x.
11, 47
Let d = -45 + 48. Suppose 2 = d*k - 2*k. List the prime factors of ((-77)/14)/((-1)/k).
11
Let a be (4 + (-3548)/(-12))*12. Suppose -a = 7*z - 11*z. What are the prime factors of z?
29, 31
List the prime factors of (967378/1212)/(3/180).
2, 5, 4789
Suppose 17*b + 8022 = 10*b. Let d = b - -1768. What are the prime factors of d?
2, 311
Suppose 2*r + 7 + 1 = 0. Let j be r + (-36)/4*-1. Suppose 2*z - o = -6*o + 134, 0 = -3*z + j*o + 201. What are the prime factors of z?
67
Suppose -83026 = 4*v - 2*b, 1 = -0*b - b. List the prime factors of v/148*(-8)/3.
2, 11, 17
Let b(r) = -r**3 - 2*r**2 - 7*r + 13. Let y be b(-8). Suppose -y = -15*h + 777. What are the prime factors of h?
2, 41
Suppose 0 = -f + 216 + 693. Suppose -11*u + 5*u + 12 = 0. Suppose f = 5*m + 2*l, -539 = -3*m - 0*m + u*l. What are the prime factors of m?
181
Suppose -3*i + 560 = 4*i. What are the prime factors of (-4*5/i)/((-2)/200)?
5
Let f(b) = -b**2 - 6*b + 5. Let u be f(13). Let g = 547 + u. What are the prime factors of g?
5, 61
Let r = 31 + 8. Let u be (-5)/(-35)*-2 - (-1866)/14. Let h = u - r. What are the prime factors of h?
2, 47
Let c be (3 - (-15)/(-6))/((-5)/(-5930)). Suppose 0 = 4*x - 1399 - c. What are the prime factors of x?
2, 3, 83
Let u(g) = -g - 3. Let h(p) = -130*p + 20. Let y(z) = h(z) - u(z). What are the prime factors of y(-6)?
797
Suppose 8*d - 12*d + w = 9, 4*w + 21 = -3*d. List the prime factors of (-12 - 3)/(d*(-1)/(-39)).
3, 5, 13
Suppose 522 = 5*a - 5*x + 167, 0 = 5*a - 2*x - 364. Suppose -c = a + 11. Let q = -44 - c. What are the prime factors of q?
41
Let b = -331 - -206. Let s = b + 539. What are the prime factors of s?
2, 3, 23
Suppose -2*z + 92 = z - 5*g, 0 = -4*g - 16. Suppose 0 = -2*u + 3*u + 5*p - 17, -u + p = -11. Suppose 0 = -2*r + z + u. List the prime factors of r.
2, 3
List the prime factors of 224/(-23 + 9) + 20760.
2, 2593
Let y(p) be the third derivative of p**4/4 - 7*p**3 + 7*p**2. Let n be y(18). Suppose 0*c + 92 = 4*g + 2*c, -2*g = -4*c - n. What are the prime factors of g?
5
Let a be ((-1536)/60)/((-4)/(-8)*(-4)/15). Let d be ((-8)/(-10))/(4/10). List the prime factors of (106/d)/(8*6/a).
2, 53
Let b = 1132 - -1007. What are the prime factors of b?
3, 23, 31
Let c = -54 - -59. Let n(z) = -z**2 - z - 3*z**2 + 2*z**3 + c*z**2 + 6. List the prime factors of n(3).
2, 3, 11
Let o(y) = -7*y**2 + y + 22. Let t(r) = -20*r**2 + 4*r + 64. Let d(i) = -7*o(i) + 2*t(i). List the prime factors of d(-8).
2, 271
Let j(v) be the second derivative of -31*v**6/360 - 7*v**5/120 - v**4/12 - 5*v. Let s(r) be the third derivative of j(r). List the prime factors of s(-3).
179
Let a(w) = 23*w - 62. Suppose 4*s = -3*n + 31, -3*s + 0*s + 5*n + 16 = 0. Let z be a(s). Let v = z + 42. What are the prime factors of v?
3, 47
Let y be 1178/(-28) - 17/(-238). Suppose 0 = -0*x - 2*x + 218. Let o = x + y. List the prime factors of o.
67
Suppose -16*q + 536120 + 54600 = 0. What are the prime factors of q?
2, 5, 13, 71
List the prime factors of ((-36)/96*4)/(6/(-41932)).
11, 953
What are the prime factors of (-1)/3*(-91)/(-7)*-1*1053?
3, 13
Let j(v) = 6426*v**2 - 14*v + 14. What are the prime factors of j(3)?
2, 7, 4129
Let w = -176 + 181. Suppose 3*l - a = 3013, -252 = -l - w*a + 747. What are the prime factors of l?
2, 251
Let d = -122 + 98. List the prime factors of -107*-15*(-8)/d.
5, 107
Suppose -3*l + 3*q = -29382, 0 = -6*l - 3*q + 26463 + 32319. List the prime factors of l.
2, 31, 79
Let m(z) = 2*z**3 + 4*z**2 + z - 3. Suppose -5*k + u = 110, 2*k - u + 41 = -0*k. Let x = 26 + k. List the prime factors of m(x).
2, 3, 5
Let u(y) = -37*y**2 + 37*y - 21. Let i(w) = 18*w**2 - 18*w + 10. Let o(f) = 7*i(f) + 3*u(f). List the prime factors of o(5).
307
Let i(v) be the first derivative of -v**4/4 + 7*v**3 - 15*v**2/2 + 17*v - 13. Let g = 48 + -28. List the prime factors of i(g).
3, 13
List the prime factors of (-10)/(-4)*((-738)/123)/(6/(-15986)).
5, 7993
Let o = 59 + -153. Let w = o - -185. Suppose -7 + w = 2*p. List the prime factors of p.
2, 3, 7
Let s be 2*(0 + -1)*-1. Let w be (-2)/17 + (-25)/(4250/(-22120)). Suppose -w = -s*d - 0*d. What are the prime factors of d?
5, 13
What are the prime factors of 73581/9 + 240/72?
8179
Suppose -33 - 97 = -10*x. Suppose 4656 = x*z - z. What are the prime factors of z?
2, 97
Let a(o) = 11*o**3 + 43*o**2 + 9*o + 7. Let z(j) = 5*j**3 + 21*j**2 + 5*j + 4. Let w(t) = -4*a(t) + 9*z(t). What are the prime factors of w(-15)?
17, 19
Suppose -20018 = -86*f + 91954. List the prime factors of f.
2, 3, 7, 31
Suppose 4*k + 60*b = 64*b, -b = -3*k + 4. Let d = 300 + -182. Suppose -4*g + 5*w = -424, k*g + w - 108 - d = 0. List the prime factors of g.
3, 37
Let v = 156 + 1261. Let f = v + -783. List the prime factors of f.
2, 317
Let o(z) = 3*z + 29. Suppose -5*m - 5 = 0, m + 19 = -3*u - 6. Let k be o(u). Suppose 171 = h - k*w, -2*w - 138 - 36 = -h. List the prime factors of h.
2, 11
Let y(z) be the first derivative of 61*z**3/3 + 5*z**2/2 + 7*z - 53. List the prime factors of y(-3).
541
Let k(j) be the third derivative of -131*j**4/24 - 35*j**3/2 + 32*j**2 + 2. What are the prime factors of k(-12)?
3, 163
Suppose s - 2*g + 570 = 3072, 3*s = -5*g + 7451. List the prime factors of s.
2, 7, 89
Suppose -3*c + 968 = 8*c. Let f = c - 78. Suppose 3*r = -f*r + 650. What are the prime factors of r?
2, 5
Suppose -249 = -x + 1 - 3. What are the prime factors of x?
13, 19
Let v(c) = -1849*c + 284. List the prime factors of v(-5).
13, 733
Suppose 4*c - 2*r = 5*c - 9, 12 = 3*c + r. Let v(u) = 221*u + 96. List the prime factors of v(c).
3, 11, 23
Let f be 7 - ((-4)/14)/(16/(-224)). Suppose -v - 1133 = 5*y - 6496, 3*y - 3213 = -f*v. List the prime factors of y.
29, 37
Suppose -5*j = 4*d + 3 - 23, -4*j = 0. Suppose d*i + 813 = n - 133, 2*n - 1899 = 3*i. List the prime factors of n.
3, 317
Let x(o) = -2*o**3 + 6*o + 5. Suppose -3*r + 182 + 160 = 0. Let q = -118 + r. List the prime factors of x(q).
109
Let t(i) = 32*i**2 - 11*i - 3. Let n be t(13). Suppose -11*s = n - 13215. What are the prime factors of s?
3, 241
Let v be (-3*8/18)/((-5)/435). Let g = -107 + v. List the prime factors of g.
3
Let x(c) = 240*c + 341. Let w be x(12). Suppose w + 11263 = 12*z. What are the prime factors of z?
17, 71
Suppose -16*r + 20*r = 5*l + 16, -3*l - 4 = -r. Suppose 4*d + 1633 = g, -7*g + r*g = -2*d - 4919. What are the prime factors of g?
3, 547
Let r be (-2 - -1)/(9/(-4) + 2). Suppose 328 + 397 = 5*k - r*y, -2*k + 4*y + 302 = 0. Suppose 4*b - k = 3. List the prime factors of b.
2, 3
Let d = -251 + 254. Suppose 0*k + 3*k = -5*n + 38, 0 = 3*k + 12. Suppose -2*c = -n, d*b - 5*c - 23 = -b. List the prime factors of b.
2, 3
Let o(r) = 10*r**2 + 42*r - 24. Suppose -56 = 27*j - 34*j. What are the prime factors of o(j)?
2, 7, 17
Let f = -70 - -22. Let r = -45 - f. Suppose 999 = 6*z + r*z. List the prime factors of z.
3, 37
Let b(q) = 52*q + 149. Let k(v) = 34*v + 99. Let i(y) = -5*b(y) + 8*k(y). List the prime factors of i(30).
11, 37
Let h = 65 - 92. Let a = 29 + h. Suppose 50 = -a*i + 3*i. What are the prime factors of i?
2, 5
Let p = 563 + -368. Suppose -2*b + 3*y - 4*y + 135 = 0, 0 = -3*b - 3*y + p. Suppose 30*x - 28*x = b. What are the prime factors of x?
5, 7
Suppose -2365 = 2*d + 2375. What are the prime factors of (-1 + 2)/(((-24)/d)/4)?
5, 79
Suppose -c = -t - 5853, 15787 = 4*c - 3